ulate r(16).
-81
Let f(a) = a**2 + 4*a - 5. Give f(-5).
0
Let u(d) = -d + 20. Give u(7).
13
Let f(a) = -2*a**2 - 17*a + 4. What is f(-9)?
-5
Let n(y) = y**2 - y - 3. What is n(3)?
3
Let a(p) = p**2 - 10*p - 19. What is a(10)?
-19
Let k(d) = -134*d - 676. Give k(-5).
-6
Let t(l) = 5*l + 9. Calculate t(-3).
-6
Let m(x) = -x**2 + 6*x - 9. Calculate m(5).
-4
Let a(y) = -y**2 - 29*y - 80. Calculate a(-27).
-26
Let y(a) = -a**2 + 2*a + 9. Calculate y(0).
9
Let r(x) = -4*x + 18. Give r(11).
-26
Let z(u) = -u**2 - 13*u - 1. Give z(-10).
29
Let u(w) = -2*w**2 + 8*w - 2. Determine u(3).
4
Let a(u) = 6*u - 8. Calculate a(5).
22
Let q(x) = -2*x**2 - 7*x - 2. Give q(-6).
-32
Let m(t) = 4*t**3 - 8*t**2 + 2*t. Determine m(2).
4
Let w(u) = -u**2 - 14*u + 17. Give w(-13).
30
Let n(i) = 3*i**3 - 78*i**2 + i - 28. Give n(26).
-2
Let c(r) = -2*r**2 - 12*r - 30. Calculate c(-3).
-12
Let l(b) = b**2 - 6. Give l(-3).
3
Let b(d) = 3*d**2 + 66*d - 12. Give b(-22).
-12
Let g(h) = -2*h + 7. Determine g(-3).
13
Let y(j) = 2*j**2 - 23*j + 14. Calculate y(11).
3
Let s(r) = -r**3 + 4*r**2 + 3*r - 3. Give s(5).
-13
Let w(u) = u**3 - 3*u**2 - 41*u - 4. What is w(-5)?
1
Let t(n) = -n**3 + 3*n**2 + 33*n - 137. Calculate t(4).
-21
Let s(l) = -9*l**2 + l + 6. Calculate s(-2).
-32
Let a(o) = o**3 - 34*o**2 + 63*o + 31. Calculate a(32).
-1
Let o(n) = -n + 10. Give o(4).
6
Let d(f) = 6*f - 2. Calculate d(2).
10
Let z(l) = -5*l - 3. Calculate z(6).
-33
Let m(b) = -17*b + 274. Determine m(16).
2
Let s(x) = -x + 6. What is s(-9)?
15
Let y(p) = 2*p - 11. Give y(-4).
-19
Let h(g) = -g**3 + 3*g**2 + 3*g - 6. Calculate h(2).
4
Let l(c) = 10*c**2 + 2*c + 6. Determine l(3).
102
Let o(v) = -v**2 + 34*v - 134. What is o(4)?
-14
Let t(u) = -u**3 + 12*u**2 + 3*u - 36. Determine t(12).
0
Let s(p) = 7*p. Give s(-2).
-14
Let a(d) = -d**2 - 2*d + 60. Determine a(0).
60
Let n(m) = m**2 + 4*m - 2. Determine n(3).
19
Let s(b) = -b**3 - 21*b**2 - 41*b - 64. Determine s(-19).
-7
Let z(w) = w - 14. Calculate z(5).
-9
Let t(z) = -2*z + 18. Calculate t(9).
0
Let i(t) = 11*t + 3. Determine i(1).
14
Let b(f) = f**2 - 9*f + 8. Give b(8).
0
Let b(h) = h**3 + 7*h**2 + 2*h + 26. What is b(-7)?
12
Let q(r) = -7*r + 40. Determine q(-5).
75
Let s(f) = -2*f**2 - 25*f + 34. Give s(-14).
-8
Let c(b) = -2*b - 18. Give c(-8).
-2
Let l(j) = -3*j - 11. Give l(-9).
16
Let k(x) = x**3 - 23*x**2 - 25*x + 21. Give k(24).
-3
Let j(c) = 4*c**3 - 10*c**2 + 3*c + 5. Give j(4).
113
Let b(z) = -6*z + 32. Calculate b(6).
-4
Let x(b) = -b**2 - 36*b - 95. Determine x(-33).
4
Let a(n) = -n**3 - 38*n**2 - 40*n - 114. What is a(-37)?
-3
Let w(i) = i - 13. Calculate w(23).
10
Let t(a) = 2*a**2 + 4. Calculate t(2).
12
Let i(m) = m**3 - 8*m**2 + 14*m - 7. Calculate i(4).
-15
Let g(w) = -w**2 + 8*w + 3. Give g(12).
-45
Let t(j) = -j**2 + 9*j - 21. Calculate t(7).
-7
Let n(l) = 4*l**2 - 82*l + 21. Calculate n(20).
-19
Let o(i) = -i**2 + 27*i + 52. Determine o(-2).
-6
Let b(w) = 6*w - 224. Determine b(35).
-14
Let n(u) = 4*u - 16. What is n(5)?
4
Let z(g) = 37*g + 2. What is z(-2)?
-72
Let y(c) = 4*c + 7. What is y(-1)?
3
Let h(w) = 116*w**3 + 3*w + 2. What is h(-1)?
-117
Let m(u) = -u**3 - 8*u**2 - 16*u - 4. Determine m(-7).
59
Let k(c) = -12*c + 199. Calculate k(16).
7
Let w(k) = k**3 - 10*k**2 - 11*k + 12. What is w(11)?
12
Let j(y) = -4*y**2 + 16*y - 25. Determine j(6).
-73
Let m(s) = s**2 - 16*s + 1. What is m(15)?
-14
Let v(q) = q**3 + 25*q**2 - 85*q - 57. Calculate v(-28).
-29
Let a(c) = 26*c - 21. What is a(7)?
161
Let z(p) = -9*p + 15. Determine z(10).
-75
Let u(a) = a**3 + 12*a**2 + 10*a + 2. Calculate u(-11).
13
Let q(t) = -t**3 + 16*t**2 + 36*t + 42. Determine q(18).
42
Let f(o) = -o**2 - 29*o - 207. Determine f(-16).
1
Let l(a) = -a**3 - 8*a**2 + 31*a - 6. What is l(-11)?
16
Let o(f) = -f**2 + 7*f - 4. Determine o(3).
8
Let t(x) = -8*x - 3. What is t(-2)?
13
Let b(a) = 4*a + 14. What is b(-5)?
-6
Let z(u) = 6*u**3 - 3*u**2 + 1. What is z(2)?
37
Let l(o) = -2*o + 7. Determine l(4).
-1
Let x(v) = -3*v + 1. Calculate x(5).
-14
Let y(f) = 18*f - 11. Calculate y(1).
7
Let b(w) = w**3 + w**2 - 2*w. Give b(-5).
-90
Let w(c) = c**3 - 29*c**2 - 65*c + 102. Give w(31).
9
Let v(g) = -g**3 + 7*g**2 - 8*g + 13. Calculate v(6).
1
Let d(s) = -2*s**2 + 18*s - 29. Give d(6).
7
Let r(z) = -z**3 + 5*z**2 - 2*z - 4. Determine r(6).
-52
Let u(y) = -8*y - 2. Determine u(-5).
38
Let g(b) = -b**3 - 8*b**2 + 2. Calculate g(-7).
-47
Let n(i) = -i**3 + 3*i**2 - i + 1. Calculate n(4).
-19
Let l(u) = u**2 + 11*u + 34. Give l(-7).
6
Let d(t) = 2*t**3 - 13*t**2 + 7*t - 39. Determine d(6).
-33
Let r(d) = -3*d**3 - 13*d**2 - 20*d - 68. What is r(-4)?
-4
Let x(l) = 13*l + 88. Calculate x(-16).
-120
Let k(l) = -2*l**2 + 17*l - 18. Calculate k(1).
-3
Let g(q) = -7*q**2 - 6*q - 8. Determine g(-2).
-24
Let y(o) = -o**3 - 5*o**2 + 6*o - 16. What is y(-4)?
-56
Let n(f) = 18*f - 8. Determine n(2).
28
Let l(p) = p**3 + 10*p**2 + 11*p - 4. What is l(-8)?
36
Let i(n) = 2*n**3 - 7*n**2 + 3*n + 4. What is i(5)?
94
Let s(w) = w**3 - 6*w**2 + 3*w + 6. Calculate s(3).
-12
Let r(p) = p - 10. Determine r(-8).
-18
Let a(g) = g**2 - 3*g - 5. What is a(6)?
13
Let z(s) = -33*s + 53. Give z(1).
20
Let j(d) = d**2 + 12*d - 28. Determine j(-14).
0
Let v(t) = -t + 12. Determine v(6).
6
Let r(c) = 2*c**3 - 13*c**2 - 5*c - 10. Calculate r(7).
4
Let q(k) = -2*k**2 + 12*k + 51. Give q(9).
-3
Let n(p) = p**3 - p**2 - 3*p + 3. What is n(3)?
12
Let k(j) = -2*j**3 + 16*j**2 + 22*j - 35. Determine k(9).
1
Let m(o) = -o**2 + 5*o. Calculate m(5).
0
Let r(h) = -4*h**3 + h**2 + 3*h - 2. What is r(2)?
-24
Let h(y) = y**2 - 20*y - 10. Determine h(25).
115
Let m(p) = 6*p - 110. Calculate m(17).
-8
Let o(s) = -25*s + 75. What is o(3)?
0
Let h(v) = -28*v - 177. Give h(-6).
-9
Let o(t) = 2*t**3 - 4*t**2 - 25*t + 15. Determine o(6).
153
Let z(j) = -10*j + 2. Determine z(-4).
42
Let q(w) = 21*w + 204. Determine q(-10).
-6
Let x(a) = -a**2 + 18*a + 60. Calculate x(21).
-3
Let f(i) = 37*i + 662. Give f(-18).
-4
Let c(h) = h**3 + 16*h**2 + 17*h + 15. Calculate c(-15).
-15
Let f(l) = -l**3 + 28*l**2 - l - 26. Give f(28).
-54
Let n(z) = z**2 - 31*z - 121. Give n(34).
-19
Let x(k) = -k**2 + 10*k - 4. Give x(10).
-4
Let k(n) = -135*n - 819. Determine k(-6).
-9
Let p(f) = f**2 + 15*f - 17. Give p(-16).
-1
Let x(u) = -38*u + 3. Give x(1).
-35
Let q(a) = 10*a**2 - 53*a + 17. Calculate q(5).
2
Let w(r) = -11*r - 103. What is w(-8)?
-15
Let j(l) = l**3 - 4*l**2 - l + 17. Give j(4).
13
Let m(q) = 2*q**3 - 28*q**2 + 2*q + 11. Determine m(14).
39
Let c(m) = -m**3 - 6*m**2 + 107*m + 43. Determine c(8).
3
Let s(o) = -o**3 - 3*o**2 + 7*o + 9. Calculate s(-5).
24
Let r(j) = 99*j**3 - j**2. Give r(1).
98
Let b(m) = 6*m**3 + 2*m - 1. Determine b(1).
7
Let t(u) = -u**3 - 3*u**2 - 20*u - 18. Calculate t(-1).
0
Let y(k) = -6*k**2 + 96*k - 8. What is y(16)?
-8
Let w(c) = -40*c + 186. Calculate w(5).
-14
Let f(l) = -2*l**2 + 12*l - 5. Determine f(6).
-5
Let q(k) = -7*k**2 + 21*k + 6. Give q(3).
6
Let s(v) = -13*v - 37. Determine s(-3).
2
Let b(s) = s**2 - s + 6. Calculate b(0).
6
Let f(c) = -c**2 - 82*c - 158. Calculate f(-80).
2
Let k(f) = -5*f**3 - 46*f**2 - 47*f + 4. What is k(-8)?
-4
Let p(m) = 4*m - 93. Determine p(26).
11
Let w(q) = q**3 + 10*q**2 - 9*q. Calculate w(-11).
-22
Let c(z) = z**2 + 6*z - 6. Give c(-6).
-6
Let y(d) = -2*d**2 + 38*d + 14. What is y(19)?
14
Let r(n) = -35*n - 1. Determine r(2).
-71
Let f(y) = -y**3 + 8*y**2 - y - 8. Calculate f(8).
-16
Let t(h) = 6*h - 47. Determine t(9).
7
Let w(j) = j**2 + 14*j + 15. What is w(-11)?
-18
Let m(z) = z**3 + 5*z**2 - 2*z + 3. Determine m(-4).
27
Let o(q) = 2*q - 11. Calculate o(-6).
-23
Let q(b) = b**2 - 30. Give q(0).
-30
Let a(j) = j**2 - 23*j + 2. Calculate a(23).
2
Let i(q) = 13*q - 12. Calculate i(0).
-12
Let r(p) = p**2 + 4*p + 7. Calculate r(-8).
39
Let q(x) = -x**2 - 18*x - 22. Give q(-13).
43
Let j(q) = -3*q**2 - 131*q - 88. Determine j(-43).
-2
Let v(l) = l**3 - 17*l**2 + 16*l + 1. Give v(16).
1
Let n(q) = -3*q - 61. Determine n(-19).
-4
Let z(v) = -11*v**2 - v. Calculate z(-3).
-96
Let n(a) = 3*a**2 + 4*a - 5. Calculate n(-5).
50
Let u(v) = 5*v + 66. Give u(-17).
-19
Let i(g) = g**2 - 14*g + 37. Determine i(5).
-8
Let k(t) = -8*t**3 + 2*t**2 - 2*t + 1. Calc